{"id":116,"date":"2024-09-05T12:43:47","date_gmt":"2024-09-05T12:43:47","guid":{"rendered":"https:\/\/programagraoseguro.com.br\/?page_id=116"},"modified":"2026-03-03T09:54:48","modified_gmt":"2026-03-03T09:54:48","slug":"episodios","status":"publish","type":"page","link":"https:\/\/programagraoseguro.com.br\/index.php\/episodios\/","title":{"rendered":"EPIS\u00d3DIOS"},"content":{"rendered":"\n[et_pb_section fb_built=&#8221;1&#8243; admin_label=&#8221;Post Slider&#8221; _builder_version=&#8221;4.20.0&#8243; _module_preset=&#8221;default&#8221; collapsed=&#8221;on&#8221; global_colors_info=&#8221;{}&#8221;][et_pb_row column_structure=&#8221;1_3,1_3,1_3&#8243; _builder_version=&#8221;4.23.4&#8243; _module_preset=&#8221;default&#8221; hover_enabled=&#8221;0&#8243; global_colors_info=&#8221;{}&#8221; sticky_enabled=&#8221;0&#8243;][et_pb_column type=&#8221;1_3&#8243; _builder_version=&#8221;4.23.4&#8243; _module_preset=&#8221;default&#8221; global_colors_info=&#8221;{}&#8221;][et_pb_image src=&#8221;https:\/\/programagraoseguro.com.br\/wp-content\/uploads\/2026\/03\/Armazenagem-LinkedIn-Post.jpg&#8221; title_text=&#8221;Armazenagem (LinkedIn Post)&#8221; url=&#8221;https:\/\/www.youtube.com\/live\/Mlqwd1FzmZ8?si=I3GzNIJk9QJd0qB9&#8243; url_new_window=&#8221;on&#8221; _builder_version=&#8221;4.23.4&#8243; _module_preset=&#8221;default&#8221; hover_enabled=&#8221;0&#8243; global_colors_info=&#8221;{}&#8221; sticky_enabled=&#8221;0&#8243;][\/et_pb_image][\/et_pb_column][et_pb_column type=&#8221;1_3&#8243; _builder_version=&#8221;4.23.4&#8243; _module_preset=&#8221;default&#8221; global_colors_info=&#8221;{}&#8221;][et_pb_image src=&#8221;https:\/\/programagraoseguro.com.br\/wp-content\/uploads\/2026\/03\/Copy-of-Copy-of-Green-Yellow-Minimalist-Podcast-Youtube-Thumbnail-1080-x-1080-px.jpg&#8221; title_text=&#8221;Copy of Copy of Green &#038; Yellow Minimalist Podcast Youtube Thumbnail (1080 x 1080 px)&#8221; url=&#8221;https:\/\/www.youtube.com\/live\/_yIhjlNPuLM?si=m479fQlVKckdSqLs&#8221; url_new_window=&#8221;on&#8221; _builder_version=&#8221;4.23.4&#8243; _module_preset=&#8221;default&#8221; hover_enabled=&#8221;0&#8243; global_colors_info=&#8221;{}&#8221; sticky_enabled=&#8221;0&#8243;][\/et_pb_image][\/et_pb_column][et_pb_column type=&#8221;1_3&#8243; _builder_version=&#8221;4.23.4&#8243; _module_preset=&#8221;default&#8221; global_colors_info=&#8221;{}&#8221;][et_pb_image src=&#8221;https:\/\/programagraoseguro.com.br\/wp-content\/uploads\/2025\/11\/UMA-CONVERSA-COM-QUEM-FEZ-HISTORIA-NO-POS-COLHEITA-NO-BRASIL-1080-x-1350-px-Facebook-Video.jpg&#8221; title_text=&#8221;UMA CONVERSA COM QUEM FEZ HIST\u00d3RIA NO P\u00d3S-COLHEITA NO BRASIL (1080 x 1350 px) (Facebook Video)&#8221; url=&#8221;https:\/\/www.youtube.com\/live\/0MpeNnF5T7A?si=_rUWx_YBLVTUL9iI&#8221; url_new_window=&#8221;on&#8221; _builder_version=&#8221;4.23.4&#8243; _module_preset=&#8221;default&#8221; hover_enabled=&#8221;0&#8243; locked=&#8221;off&#8221; global_colors_info=&#8221;{}&#8221; sticky_enabled=&#8221;0&#8243;][\/et_pb_image][\/et_pb_column][\/et_pb_row][et_pb_row column_structure=&#8221;1_3,1_3,1_3&#8243; _builder_version=&#8221;4.23.4&#8243; _module_preset=&#8221;default&#8221; hover_enabled=&#8221;0&#8243; global_colors_info=&#8221;{}&#8221; sticky_enabled=&#8221;0&#8243;][et_pb_column type=&#8221;1_3&#8243; _builder_version=&#8221;4.23.4&#8243; _module_preset=&#8221;default&#8221; global_colors_info=&#8221;{}&#8221;][et_pb_image src=&#8221;https:\/\/programagraoseguro.com.br\/wp-content\/uploads\/2025\/12\/Copy-of-Copy-of-SEMENTES-TOXICAS-E-PRAGAS-QUARENTENARIAS-1080-x-1920-px-1080-x-1080-px.jpg&#8221; title_text=&#8221;Copy of Copy of SEMENTES T\u00d3XICAS E PRAGAS QUARENTEN\u00c1RIAS (1080 x 1920 px) (1080 x 1080 px)&#8221; url=&#8221;https:\/\/www.youtube.com\/live\/kzLkiWBbMOk?si=SvGAY-0rJpaggHVY&#8221; url_new_window=&#8221;on&#8221; _builder_version=&#8221;4.23.4&#8243; _module_preset=&#8221;default&#8221; hover_enabled=&#8221;0&#8243; global_colors_info=&#8221;{}&#8221; sticky_enabled=&#8221;0&#8243;][\/et_pb_image][\/et_pb_column][et_pb_column type=&#8221;1_3&#8243; _builder_version=&#8221;4.23.4&#8243; _module_preset=&#8221;default&#8221; global_colors_info=&#8221;{}&#8221;][et_pb_image src=&#8221;https:\/\/programagraoseguro.com.br\/wp-content\/uploads\/2025\/05\/Green-Yellow-Minimalist-Podcast-Youtube-Thumbnail-1080-x-1920-px-1080-x-1080-px.jpg&#8221; title_text=&#8221;Green &#038; Yellow Minimalist Podcast Youtube Thumbnail (1080 x 1920 px) (1080 x 1080 px)&#8221; url=&#8221;https:\/\/www.youtube.com\/live\/uixQ-R1MWb0?si=yuBwK1AXmVSc2LK_&#8221; url_new_window=&#8221;on&#8221; _builder_version=&#8221;4.23.4&#8243; _module_preset=&#8221;default&#8221; hover_enabled=&#8221;0&#8243; global_colors_info=&#8221;{}&#8221; sticky_enabled=&#8221;0&#8243;][\/et_pb_image][\/et_pb_column][et_pb_column type=&#8221;1_3&#8243; _builder_version=&#8221;4.23.4&#8243; _module_preset=&#8221;default&#8221; global_colors_info=&#8221;{}&#8221;][et_pb_image src=&#8221;https:\/\/programagraoseguro.com.br\/wp-content\/uploads\/2026\/03\/1812-1080-x-1920-px-Facebook-Video.jpg&#8221; title_text=&#8221;1812 &#8211; (1080 x 1920 px) (Facebook Video)&#8221; url=&#8221;https:\/\/www.youtube.com\/live\/a0fT5VV0xJg?si=l6LeXxnGrY0G2qvY&#8221; url_new_window=&#8221;on&#8221; _builder_version=&#8221;4.23.4&#8243; _module_preset=&#8221;default&#8221; hover_enabled=&#8221;0&#8243; locked=&#8221;off&#8221; global_colors_info=&#8221;{}&#8221; sticky_enabled=&#8221;0&#8243;][\/et_pb_image][\/et_pb_column][\/et_pb_row][et_pb_row column_structure=&#8221;1_3,1_3,1_3&#8243; _builder_version=&#8221;4.23.4&#8243; _module_preset=&#8221;default&#8221; global_colors_info=&#8221;{}&#8221;][et_pb_column type=&#8221;1_3&#8243; _builder_version=&#8221;4.23.4&#8243; _module_preset=&#8221;default&#8221; global_colors_info=&#8221;{}&#8221;][et_pb_image src=&#8221;https:\/\/programagraoseguro.com.br\/wp-content\/uploads\/2025\/11\/Copy-of-Copy-of-A-INFLUENCIA-DA-POS-COLHEITA-NA-QUALIDADE-DO-CAFE.jpg&#8221; title_text=&#8221;Copy of Copy of A INFLU\u00caNCIA DA P\u00d3S-COLHEITA NA QUALIDADE DO CAF\u00c9&#8221; url=&#8221;https:\/\/www.youtube.com\/live\/lB1xFhDAgqc?si=VGmBIacP80bgy-pw&#8221; url_new_window=&#8221;on&#8221; _builder_version=&#8221;4.23.4&#8243; _module_preset=&#8221;default&#8221; global_colors_info=&#8221;{}&#8221;][\/et_pb_image][\/et_pb_column][et_pb_column type=&#8221;1_3&#8243; _builder_version=&#8221;4.23.4&#8243; _module_preset=&#8221;default&#8221; global_colors_info=&#8221;{}&#8221;][et_pb_image src=&#8221;https:\/\/programagraoseguro.com.br\/wp-content\/uploads\/2025\/11\/Copy-of-EP-30-1080-x-1080-px.jpg&#8221; title_text=&#8221;Copy of EP 30 (1080 x 1080 px)&#8221; url=&#8221;https:\/\/www.youtube.com\/live\/edXhGK1xju4?si=9RpKOyUy8Fybzju0&#8243; _builder_version=&#8221;4.23.4&#8243; _module_preset=&#8221;default&#8221; global_colors_info=&#8221;{}&#8221;][\/et_pb_image][\/et_pb_column][et_pb_column type=&#8221;1_3&#8243; _builder_version=&#8221;4.23.4&#8243; _module_preset=&#8221;default&#8221; global_colors_info=&#8221;{}&#8221;][et_pb_image src=&#8221;https:\/\/programagraoseguro.com.br\/wp-content\/uploads\/2025\/11\/Copy-of-AERACAO.jpg&#8221; title_text=&#8221;Copy of AERA\u00c7\u00c3O&#8221; url=&#8221;https:\/\/www.youtube.com\/live\/9uGaq_WJ768?si=56lhbb93DUm1Q5a5&#8243; url_new_window=&#8221;on&#8221; _builder_version=&#8221;4.23.4&#8243; _module_preset=&#8221;default&#8221; locked=&#8221;off&#8221; global_colors_info=&#8221;{}&#8221;][\/et_pb_image][\/et_pb_column][\/et_pb_row][et_pb_row column_structure=&#8221;1_3,1_3,1_3&#8243; _builder_version=&#8221;4.23.4&#8243; _module_preset=&#8221;default&#8221; global_colors_info=&#8221;{}&#8221;][et_pb_column type=&#8221;1_3&#8243; _builder_version=&#8221;4.23.4&#8243; _module_preset=&#8221;default&#8221; global_colors_info=&#8221;{}&#8221;][et_pb_image src=&#8221;https:\/\/programagraoseguro.com.br\/wp-content\/uploads\/2025\/04\/pgs-ep-28-1080-x-1920-px-1080-x-1080-px.png&#8221; title_text=&#8221;pgs ep 28 (1080 x 1920 px) (1080 x 1080 px)&#8221; url=&#8221;https:\/\/www.youtube.com\/live\/zoOEWEK3kDw?si=gdUNtHQ20BfOFJj6&#8243; url_new_window=&#8221;on&#8221; _builder_version=&#8221;4.23.4&#8243; _module_preset=&#8221;default&#8221; global_colors_info=&#8221;{}&#8221;][\/et_pb_image][\/et_pb_column][et_pb_column type=&#8221;1_3&#8243; _builder_version=&#8221;4.23.4&#8243; _module_preset=&#8221;default&#8221; global_colors_info=&#8221;{}&#8221;][et_pb_image src=&#8221;https:\/\/programagraoseguro.com.br\/wp-content\/uploads\/2024\/07\/Copy-of-Copy-of-INOVACAO-NO-1080-x-1080-px.jpg&#8221; title_text=&#8221;Copy of Copy of INOVA\u00c7\u00c3O NO (1080 x 1080 px)&#8221; url=&#8221;https:\/\/www.youtube.com\/live\/Xyfc0qYYHuE?si=PRcGz_zH9zxifKiw&#8221; _builder_version=&#8221;4.23.4&#8243; _module_preset=&#8221;default&#8221; global_colors_info=&#8221;{}&#8221;][\/et_pb_image][\/et_pb_column][et_pb_column type=&#8221;1_3&#8243; _builder_version=&#8221;4.23.4&#8243; _module_preset=&#8221;default&#8221; global_colors_info=&#8221;{}&#8221;][et_pb_image src=&#8221;https:\/\/programagraoseguro.com.br\/wp-content\/uploads\/2025\/05\/Green-Yellow-Minimalist-Podcast-Youtube-Thumbnail-1080-x-1920-px-1080-x-1080-px.jpg&#8221; title_text=&#8221;Green &#038; Yellow Minimalist Podcast Youtube Thumbnail (1080 x 1920 px) (1080 x 1080 px)&#8221; url=&#8221;https:\/\/www.youtube.com\/live\/uixQ-R1MWb0?si=yuBwK1AXmVSc2LK_&#8221; url_new_window=&#8221;on&#8221; _builder_version=&#8221;4.23.4&#8243; _module_preset=&#8221;default&#8221; hover_enabled=&#8221;0&#8243; locked=&#8221;off&#8221; global_colors_info=&#8221;{}&#8221; sticky_enabled=&#8221;0&#8243;][\/et_pb_image][\/et_pb_column][\/et_pb_row][et_pb_row column_structure=&#8221;1_3,1_3,1_3&#8243; _builder_version=&#8221;4.23.4&#8243; _module_preset=&#8221;default&#8221; global_colors_info=&#8221;{}&#8221;][et_pb_column type=&#8221;1_3&#8243; _builder_version=&#8221;4.23.4&#8243; _module_preset=&#8221;default&#8221; global_colors_info=&#8221;{}&#8221;][et_pb_image src=&#8221;https:\/\/programagraoseguro.com.br\/wp-content\/uploads\/2025\/11\/Ep-27-1080-x-1080-px.png&#8221; title_text=&#8221;Ep 27 (1080 x 1080 px)&#8221; url=&#8221;https:\/\/www.youtube.com\/live\/ofPTDXkbbjY?si=R8MirJ2YEa3R98q-&#8221; url_new_window=&#8221;on&#8221; _builder_version=&#8221;4.23.4&#8243; _module_preset=&#8221;default&#8221; global_colors_info=&#8221;{}&#8221;][\/et_pb_image][\/et_pb_column][et_pb_column type=&#8221;1_3&#8243; _builder_version=&#8221;4.23.4&#8243; _module_preset=&#8221;default&#8221; global_colors_info=&#8221;{}&#8221;][et_pb_image src=&#8221;https:\/\/programagraoseguro.com.br\/wp-content\/uploads\/2024\/09\/pgs_28-02-teaser-300&#215;300.jpg&#8221; title_text=&#8221;EP 02 &#8211; AFONSO CAMPOS&#8221; url=&#8221;https:\/\/programagraoseguro.com.br\/index.php\/2024\/09\/05\/manejo-integrado-de-roedores-sinantropicos-afonso-s-campos\/&#8221; _builder_version=&#8221;4.23.4&#8243; _module_preset=&#8221;default&#8221; global_colors_info=&#8221;{}&#8221;][\/et_pb_image][\/et_pb_column][et_pb_column type=&#8221;1_3&#8243; _builder_version=&#8221;4.23.4&#8243; _module_preset=&#8221;default&#8221; global_colors_info=&#8221;{}&#8221;][et_pb_image src=&#8221;https:\/\/programagraoseguro.com.br\/wp-content\/uploads\/2024\/09\/1-300&#215;300.jpg&#8221; title_text=&#8221;EP 01 &#8211; IRINEU LORINI&#8221; url=&#8221;https:\/\/programagraoseguro.com.br\/index.php\/2024\/09\/05\/manejo-integrado-de-pragas-em-graos-armazenados-irineu-lorini\/&#8221; _builder_version=&#8221;4.23.4&#8243; _module_preset=&#8221;default&#8221; locked=&#8221;off&#8221; global_colors_info=&#8221;{}&#8221;][\/et_pb_image][\/et_pb_column][\/et_pb_row][\/et_pb_section][et_pb_section fb_built=&#8221;1&#8243; admin_label=&#8221;Subscribe&#8221; _builder_version=&#8221;4.23.4&#8243; _module_preset=&#8221;default&#8221; background_image=&#8221;https:\/\/programagraoseguro.com.br\/wp-content\/uploads\/2024\/01\/farm-grain-silos-agriculture.jpg&#8221; parallax=&#8221;on&#8221; collapsed=&#8221;on&#8221; global_colors_info=&#8221;{}&#8221;][et_pb_row _builder_version=&#8221;4.20.0&#8243; _module_preset=&#8221;default&#8221; max_width=&#8221;700px&#8221; global_colors_info=&#8221;{}&#8221;][et_pb_column type=&#8221;4_4&#8243; _builder_version=&#8221;4.20.0&#8243; _module_preset=&#8221;default&#8221; global_colors_info=&#8221;{}&#8221;][et_pb_text _builder_version=&#8221;4.20.0&#8243; _module_preset=&#8221;9655f05a-ca25-4b26-9eca-2cf44bc23c3b&#8221; text_orientation=&#8221;center&#8221; global_colors_info=&#8221;{}&#8221;]<h2>Inscreva-se<\/h2>[\/et_pb_text][et_pb_button button_url=&#8221;https:\/\/heitorjose.rds.land\/conheca-o-programa&#8221; url_new_window=&#8221;on&#8221; button_text=&#8221;CADASTRE-SE PARA RECEBER NEWS&#8221; button_alignment=&#8221;center&#8221; _builder_version=&#8221;4.23.4&#8243; _module_preset=&#8221;default&#8221; custom_button=&#8221;on&#8221; button_text_color=&#8221;#FFFFFF&#8221; button_bg_color=&#8221;#111111&#8243; box_shadow_style=&#8221;preset1&#8243; box_shadow_color=&#8221;#000000&#8243; global_colors_info=&#8221;{}&#8221;][\/et_pb_button][et_pb_button button_url=&#8221;https:\/\/www.youtube.com\/@programagraoseguro&#8221; url_new_window=&#8221;on&#8221; button_text=&#8221;INSCREVA-SE NO CANAL DO YOUTUBE&#8221; button_alignment=&#8221;center&#8221; _builder_version=&#8221;4.23.4&#8243; _module_preset=&#8221;default&#8221; custom_button=&#8221;on&#8221; button_text_color=&#8221;#FFFFFF&#8221; button_bg_color=&#8221;#0a0a0a&#8221; box_shadow_style=&#8221;preset1&#8243; global_colors_info=&#8221;{}&#8221;][\/et_pb_button][\/et_pb_column][\/et_pb_row][\/et_pb_section][et_pb_section fb_built=&#8221;1&#8243; admin_label=&#8221;Footer&#8221; _builder_version=&#8221;4.20.0&#8243; _module_preset=&#8221;default&#8221; collapsed=&#8221;on&#8221; global_colors_info=&#8221;{}&#8221;][et_pb_row column_structure=&#8221;1_4,1_4,1_4,1_4&#8243; _builder_version=&#8221;4.20.0&#8243; _module_preset=&#8221;default&#8221; locked=&#8221;off&#8221; global_colors_info=&#8221;{}&#8221;][et_pb_column type=&#8221;1_4&#8243; _builder_version=&#8221;4.20.0&#8243; _module_preset=&#8221;default&#8221; global_colors_info=&#8221;{}&#8221;][et_pb_text _builder_version=&#8221;4.23.4&#8243; _module_preset=&#8221;18c41e7c-f76c-4c8b-bc3d-d444a0a42d1b&#8221; custom_margin=&#8221;||20px||false|false&#8221; global_colors_info=&#8221;{}&#8221;]<h5>O PGS<\/h5>[\/et_pb_text][et_pb_text _builder_version=&#8221;4.23.4&#8243; _module_preset=&#8221;0c144e6b-0927-4c23-818f-3ac964178122&#8243; link_text_color=&#8221;#000000&#8243; custom_margin=&#8221;||0px||false|false&#8221; global_colors_info=&#8221;{}&#8221;]<p>EQUIPE<\/p>[\/et_pb_text][et_pb_text _builder_version=&#8221;4.23.4&#8243; _module_preset=&#8221;0c144e6b-0927-4c23-818f-3ac964178122&#8243; link_text_color=&#8221;#000000&#8243; custom_margin=&#8221;||0px||false|false&#8221; global_colors_info=&#8221;{}&#8221;]<p>MISS\u00c3O<\/p>[\/et_pb_text][et_pb_text _builder_version=&#8221;4.23.4&#8243; _module_preset=&#8221;0c144e6b-0927-4c23-818f-3ac964178122&#8243; link_text_color=&#8221;#000000&#8243; custom_margin=&#8221;||0px||false|false&#8221; global_colors_info=&#8221;{}&#8221;]<p><a href=\"#\">COMPROMISSO<\/a><\/p>[\/et_pb_text][et_pb_text _builder_version=&#8221;4.23.4&#8243; _module_preset=&#8221;0c144e6b-0927-4c23-818f-3ac964178122&#8243; link_text_color=&#8221;#000000&#8243; custom_margin=&#8221;||0px||false|false&#8221; global_colors_info=&#8221;{}&#8221;]<p>TRABALHE CONOSCO<\/p>[\/et_pb_text][et_pb_text _builder_version=&#8221;4.23.4&#8243; _module_preset=&#8221;0c144e6b-0927-4c23-818f-3ac964178122&#8243; link_text_color=&#8221;#000000&#8243; custom_margin=&#8221;||0px||false|false&#8221; global_colors_info=&#8221;{}&#8221;]<p>PATROCINE<\/p>[\/et_pb_text][et_pb_text _builder_version=&#8221;4.23.4&#8243; _module_preset=&#8221;0c144e6b-0927-4c23-818f-3ac964178122&#8243; link_text_color=&#8221;#000000&#8243; custom_margin=&#8221;||0px||false|false&#8221; global_colors_info=&#8221;{}&#8221;]<p>SALA DE IMPRENSA<\/p>[\/et_pb_text][et_pb_text _builder_version=&#8221;4.23.4&#8243; _module_preset=&#8221;0c144e6b-0927-4c23-818f-3ac964178122&#8243; link_text_color=&#8221;#000000&#8243; custom_margin=&#8221;||0px||false|false&#8221; global_colors_info=&#8221;{}&#8221;]<p>BLOG<\/p>[\/et_pb_text][\/et_pb_column][et_pb_column type=&#8221;1_4&#8243; _builder_version=&#8221;4.20.0&#8243; _module_preset=&#8221;default&#8221; global_colors_info=&#8221;{}&#8221;][et_pb_text _builder_version=&#8221;4.23.4&#8243; _module_preset=&#8221;18c41e7c-f76c-4c8b-bc3d-d444a0a42d1b&#8221; custom_margin=&#8221;||20px||false|false&#8221; global_colors_info=&#8221;{}&#8221;]<h5>COMO APOIAR<\/h5>[\/et_pb_text][et_pb_text _builder_version=&#8221;4.23.4&#8243; _module_preset=&#8221;0c144e6b-0927-4c23-818f-3ac964178122&#8243; link_text_color=&#8221;#000000&#8243; custom_margin=&#8221;||0px||false|false&#8221; global_colors_info=&#8221;{}&#8221;]<p>ASSISTA E PARTICIPE<\/p>[\/et_pb_text][et_pb_text _builder_version=&#8221;4.23.4&#8243; _module_preset=&#8221;0c144e6b-0927-4c23-818f-3ac964178122&#8243; link_text_color=&#8221;#000000&#8243; custom_margin=&#8221;||0px||false|false&#8221; global_colors_info=&#8221;{}&#8221;]<p>INDIQUE PARA AMIGOS<\/p>[\/et_pb_text][et_pb_text _builder_version=&#8221;4.23.4&#8243; _module_preset=&#8221;0c144e6b-0927-4c23-818f-3ac964178122&#8243; link_text_color=&#8221;#000000&#8243; custom_margin=&#8221;||0px||false|false&#8221; global_colors_info=&#8221;{}&#8221;]<p>ENVIE SUGEST\u00d5ES E CR\u00cdTICAS<\/p>[\/et_pb_text][\/et_pb_column][et_pb_column type=&#8221;1_4&#8243; _builder_version=&#8221;4.20.0&#8243; _module_preset=&#8221;default&#8221; global_colors_info=&#8221;{}&#8221;][et_pb_text _builder_version=&#8221;4.23.4&#8243; _module_preset=&#8221;18c41e7c-f76c-4c8b-bc3d-d444a0a42d1b&#8221; custom_margin=&#8221;||20px||false|false&#8221; global_colors_info=&#8221;{}&#8221;]<h5>Cadastre-se<\/h5>[\/et_pb_text][et_pb_text _builder_version=&#8221;4.23.4&#8243; _module_preset=&#8221;0c144e6b-0927-4c23-818f-3ac964178122&#8243; link_text_color=&#8221;#000000&#8243; custom_margin=&#8221;||0px||false|false&#8221; link_option_url=&#8221;https:\/\/heitorjose.rds.land\/conheca-o-programa&#8221; link_option_url_new_window=&#8221;on&#8221; global_colors_info=&#8221;{}&#8221;]<p>inscreva-se<\/p>[\/et_pb_text][\/et_pb_column][et_pb_column type=&#8221;1_4&#8243; _builder_version=&#8221;4.20.0&#8243; _module_preset=&#8221;default&#8221; global_colors_info=&#8221;{}&#8221;][et_pb_text _builder_version=&#8221;4.23.4&#8243; _module_preset=&#8221;18c41e7c-f76c-4c8b-bc3d-d444a0a42d1b&#8221; custom_margin=&#8221;||20px||false|false&#8221; global_colors_info=&#8221;{}&#8221;]<h5>Fale conosco<\/h5>[\/et_pb_text][et_pb_text _builder_version=&#8221;4.23.4&#8243; _module_preset=&#8221;0c144e6b-0927-4c23-818f-3ac964178122&#8243; link_text_color=&#8221;#000000&#8243; custom_margin=&#8221;||0px||false|false&#8221; global_colors_info=&#8221;{}&#8221;][\/et_pb_text][et_pb_text _builder_version=&#8221;4.23.4&#8243; _module_preset=&#8221;0c144e6b-0927-4c23-818f-3ac964178122&#8243; link_text_color=&#8221;#000000&#8243; custom_margin=&#8221;||0px||false|false&#8221; global_colors_info=&#8221;{}&#8221;]<p>Campinas &#8211; SP &#8211; Brasil<\/p>[\/et_pb_text][et_pb_text _builder_version=&#8221;4.23.4&#8243; _module_preset=&#8221;0c144e6b-0927-4c23-818f-3ac964178122&#8243; link_text_color=&#8221;#000000&#8243; custom_margin=&#8221;||0px||false|false&#8221; global_colors_info=&#8221;{}&#8221;]<p>programagraoseguro@gmail.com<\/p>[\/et_pb_text][\/et_pb_column][\/et_pb_row][et_pb_row _builder_version=&#8221;4.20.0&#8243; _module_preset=&#8221;default&#8221; custom_padding=&#8221;||0px||false|false&#8221; global_colors_info=&#8221;{}&#8221;][et_pb_column type=&#8221;4_4&#8243; _builder_version=&#8221;4.20.0&#8243; _module_preset=&#8221;default&#8221; global_colors_info=&#8221;{}&#8221;][et_pb_text _builder_version=&#8221;4.23.4&#8243; _module_preset=&#8221;71ecfca4-548f-4688-a991-7cd86fddb49a&#8221; global_colors_info=&#8221;{}&#8221;]<h5>NOS SIGA NAS REDES SOCIAIS<\/h5>[\/et_pb_text][\/et_pb_column][\/et_pb_row][et_pb_row column_structure=&#8221;1_2,1_2&#8243; _builder_version=&#8221;4.20.0&#8243; _module_preset=&#8221;default&#8221; global_colors_info=&#8221;{}&#8221;][et_pb_column type=&#8221;1_2&#8243; _builder_version=&#8221;4.20.0&#8243; _module_preset=&#8221;default&#8221; global_colors_info=&#8221;{}&#8221;][et_pb_social_media_follow icon_color=&#8221;#000000&#8243; use_icon_font_size=&#8221;on&#8221; icon_font_size=&#8221;20px&#8221; icon_font_size_tablet=&#8221;18px&#8221; icon_font_size_phone=&#8221;16px&#8221; icon_font_size_last_edited=&#8221;on|phone&#8221; _builder_version=&#8221;4.23.4&#8243; _module_preset=&#8221;default&#8221; border_radii=&#8221;on|100px|100px|100px|100px&#8221; global_colors_info=&#8221;{}&#8221;][et_pb_social_media_follow_network social_network=&#8221;linkedin&#8221; url=&#8221;https:\/\/www.linkedin.com\/in\/programa-gr%C3%A3o-seguro-760138270\/&#8221; _builder_version=&#8221;4.23.4&#8243; _module_preset=&#8221;default&#8221; background_color=&#8221;#007bb6&#8243; background_enable_color=&#8221;on&#8221; global_colors_info=&#8221;{%22gcid-ee37f9db-558a-4c1e-93ad-2fb984fae1ac%22:%91%22background_color%22%93}&#8221; follow_button=&#8221;off&#8221; url_new_window=&#8221;on&#8221;]linkedin[\/et_pb_social_media_follow_network][et_pb_social_media_follow_network social_network=&#8221;instagram&#8221; url=&#8221;http:\/\/www.instagram.com\/programagraoseguro&#8221; _builder_version=&#8221;4.23.4&#8243; _module_preset=&#8221;default&#8221; background_color=&#8221;gcid-ee37f9db-558a-4c1e-93ad-2fb984fae1ac&#8221; background_enable_color=&#8221;on&#8221; global_colors_info=&#8221;{%22gcid-ee37f9db-558a-4c1e-93ad-2fb984fae1ac%22:%91%22background_color%22%93}&#8221; follow_button=&#8221;off&#8221; url_new_window=&#8221;on&#8221;]instagram[\/et_pb_social_media_follow_network][et_pb_social_media_follow_network social_network=&#8221;youtube&#8221; url=&#8221;https:\/\/www.youtube.com\/@programagraoseguro&#8221; _builder_version=&#8221;4.23.4&#8243; _module_preset=&#8221;default&#8221; background_color=&#8221;#a82400&#8243; global_colors_info=&#8221;{}&#8221; follow_button=&#8221;off&#8221; url_new_window=&#8221;on&#8221;]youtube[\/et_pb_social_media_follow_network][\/et_pb_social_media_follow][\/et_pb_column][et_pb_column type=&#8221;1_2&#8243; _builder_version=&#8221;4.20.0&#8243; _module_preset=&#8221;default&#8221; custom_padding=&#8221;16px||||false|false&#8221; custom_padding_tablet=&#8221;0px||||false|false&#8221; custom_padding_phone=&#8221;&#8221; custom_padding_last_edited=&#8221;on|desktop&#8221; global_colors_info=&#8221;{}&#8221;][et_pb_text _builder_version=&#8221;4.23.4&#8243; _module_preset=&#8221;9d3d68e2-4b70-452d-b727-4bccd48207d1&#8243; text_orientation=&#8221;right&#8221; text_orientation_tablet=&#8221;left&#8221; text_orientation_phone=&#8221;&#8221; text_orientation_last_edited=&#8221;on|tablet&#8221; global_colors_info=&#8221;{}&#8221;]<p>PROGRAMA GR\u00c3O SEGURO &#8211; 2024<\/p>[\/et_pb_text][\/et_pb_column][\/et_pb_row][\/et_pb_section]\n","protected":false},"excerpt":{"rendered":"<p>Inscreva-seO PGSEQUIPEMISS\u00c3OCOMPROMISSOTRABALHE CONOSCOPATROCINESALA DE IMPRENSABLOGCOMO APOIARASSISTA E PARTICIPEINDIQUE PARA AMIGOSENVIE SUGEST\u00d5ES E CR\u00cdTICASCadastre-seinscreva-seFale conoscoCampinas &#8211; SP &#8211; Brasilprogramagraoseguro@gmail.comNOS SIGA NAS REDES SOCIAISPROGRAMA GR\u00c3O SEGURO &#8211; 2024<\/p>\n","protected":false},"author":1,"featured_media":0,"parent":0,"menu_order":0,"comment_status":"closed","ping_status":"closed","template":"","meta":{"_et_pb_use_builder":"on","_et_pb_old_content":"","_et_gb_content_width":"","footnotes":""},"_links":{"self":[{"href":"https:\/\/programagraoseguro.com.br\/index.php\/wp-json\/wp\/v2\/pages\/116"}],"collection":[{"href":"https:\/\/programagraoseguro.com.br\/index.php\/wp-json\/wp\/v2\/pages"}],"about":[{"href":"https:\/\/programagraoseguro.com.br\/index.php\/wp-json\/wp\/v2\/types\/page"}],"author":[{"embeddable":true,"href":"https:\/\/programagraoseguro.com.br\/index.php\/wp-json\/wp\/v2\/users\/1"}],"replies":[{"embeddable":true,"href":"https:\/\/programagraoseguro.com.br\/index.php\/wp-json\/wp\/v2\/comments?post=116"}],"version-history":[{"count":14,"href":"https:\/\/programagraoseguro.com.br\/index.php\/wp-json\/wp\/v2\/pages\/116\/revisions"}],"predecessor-version":[{"id":190,"href":"https:\/\/programagraoseguro.com.br\/index.php\/wp-json\/wp\/v2\/pages\/116\/revisions\/190"}],"wp:attachment":[{"href":"https:\/\/programagraoseguro.com.br\/index.php\/wp-json\/wp\/v2\/media?parent=116"}],"curies":[{"name":"wp","href":"https:\/\/api.w.org\/{rel}","templated":true}]}}